60521).
2, 53, 571
Suppose -10830 = 74*q - 77*q. List the prime factors of q.
2, 5, 19
Let v(l) = -58*l**3 - 3*l**2 - 26. What are the prime factors of v(-5)?
3, 2383
Let o(q) = -10 + 8 - 2 - 73*q. List the prime factors of o(-5).
19
Let s(k) = -k**3 - 8*k**2 + 12*k + 7. Let v(u) = u**3 - u**2 + u + 1. Suppose -57*g + 60*g = 3. Let r(a) = g*s(a) + 2*v(a). What are the prime factors of r(10)?
149
Let k(i) = -4*i - 19. Let d be k(0). Let n = d - -21. Suppose -n*y + q + 44 + 53 = 0, y + 2*q = 36. What are the prime factors of y?
2, 23
Let a(h) = 147*h**2 - 43*h + 321. List the prime factors of a(15).
3, 1213
Let a be 932*2/10 + (-6)/(-10). Let b = a - 103. List the prime factors of b.
2, 3, 7
Suppose -852 = 11*o - 4317. Let p(s) = -s + 6. Let v be p(-11). Suppose v*b = o + 110. List the prime factors of b.
5
Let z be (18*1/10)/(9/(-30)). Let a be 157 - 0*2/10. What are the prime factors of 2 + z + a - 3?
2, 3, 5
Let l(k) be the third derivative of -k**6/120 - k**5/10 + 19*k**4/8 + k**3/2 - 13*k**2. List the prime factors of l(-16).
13, 127
Let j = 152 + -288. Let v = 65 - j. What are the prime factors of v?
3, 67
Suppose g + 4*p = 6*g + 162, -2*g - 2*p - 54 = 0. List the prime factors of 2/(-5)*40575/g.
541
Let j(l) = -10*l**2 - 4*l - 12. Let m be j(-4). What are the prime factors of ((-78)/(-12))/((-2)/m - 0)?
3, 13
Suppose 3*c - 27 = 3*i, 3*c + 4*i - 42 = 2*i. Suppose 3*z - 279 = c. What are the prime factors of z?
97
Let o(v) = 24*v**3 - 18*v**2 + 9*v - 189. List the prime factors of o(11).
2, 3, 2473
Let o = 586 - 546. What are the prime factors of (448/o)/((-6)/(-465))?
2, 7, 31
Let n be -9*(-2 - 35/(-21)). Suppose -c + 308 = -n*p, p - 3*p = 5*c - 1506. What are the prime factors of c?
2, 151
Let m = -6003 - -13168. List the prime factors of m.
5, 1433
Let t(q) = 3*q**2 - 6*q + 421. List the prime factors of t(0).
421
Let v(o) = 393*o + 20. Let q be v(6). Let g be q/(-8) + 13/52. List the prime factors of (3 - -9)/(-3 - g/96).
2
Let p = -1 - -16. Let v = 366 + -516. What are the prime factors of ((-48)/p)/(12/v)?
2, 5
Let u(o) = 72 - 5*o**2 + 3*o**2 - o + 450. What are the prime factors of u(0)?
2, 3, 29
Suppose 5*x + 3*l - 4429 = 0, -l = x + l - 890. List the prime factors of x.
2, 13, 17
Let p = -523 + 535. Suppose 4*q - 8*f = -p*f + 1188, -f + 592 = 2*q. List the prime factors of q.
5, 59
Suppose k + 3*k - 184 = 0. Let y = -42 + k. What are the prime factors of y + (18/3)/(-3)*-41?
2, 43
Let m(v) = -3*v**2 - 25*v + 18. Let a be m(-9). Suppose -128*r + 131*r - 432 = a. List the prime factors of r.
2, 3
Suppose -8*j - 360 = -18*j. Suppose -710 = -38*q + j*q. List the prime factors of q.
5, 71
Suppose w - 19 = -11. Let r be (-3 - -7)*86/w. Let q = r + -31. What are the prime factors of q?
2, 3
Let g(h) = -2*h**3 - h**2 - 14*h + 2. Let q be g(7). What are the prime factors of q/(4/(-14) - (-100)/(-140))?
3, 277
Let d = 662 - 658. Suppose k = 5*y - 3399, d*k = -19*y + 16*y + 2044. What are the prime factors of y?
2, 5, 17
Suppose s - 5*w - 91 = 3*s, -w + 145 = -3*s. Let k(x) = -x**2 - 3*x + 9. Let d be k(-9). Let a = d - s. List the prime factors of a.
3
What are the prime factors of 6/15 - 1576854/(-90)?
7, 2503
Let g(z) = z + 14. Let v be g(-14). Suppose v*p = -p + 5. Suppose -x + 3*c = -87, c + 416 = 5*x + p*c. List the prime factors of x.
2, 3, 7
Suppose 3*a - 107 = 2*h + 129, 2*a - 2*h - 160 = 0. Let p be (9 + -1)/(a/24 + -3). Suppose p*j + 282 = 51*j. What are the prime factors of j?
2, 47
Let k(q) = q**2 - 5*q - 2. Let i be k(6). Suppose -98*s - 8 + 77 = -75*s. Suppose -i*o = j + 237 - 1012, o + s*j - 202 = 0. What are the prime factors of o?
193
Let l(o) = 14*o - 297. Let h be 518/13 - (2 - 196/91). What are the prime factors of l(h)?
263
Let u(i) = 30*i**2 + 157*i - 1707. List the prime factors of u(12).
3, 1499
Suppose -18*m + 2 = -17*m. Let w(o) = 43*o**2 - 2*o - 2 + 40*o**m - 10*o**2. What are the prime factors of w(-1)?
73
Suppose -136*z - 42348 = -148*z. List the prime factors of z.
3529
Let g(b) = 14*b - 6. Let w be g(5). Suppose -1464 = 60*f - w*f. What are the prime factors of f?
2, 3, 61
Let q = -65 + 70. Suppose -3*a + 4 = 5*c - c, -4*a + q*c = 36. What are the prime factors of (-1152)/(-14) - a/(-14)?
2, 41
Let m = -12998 + 27783. What are the prime factors of m?
5, 2957
Let r(o) = 11117*o - 16. What are the prime factors of r(1)?
17, 653
Let h be 4/(-1)*(-3 + (-15)/12). Suppose -w = 2*w - 4*y - h, w - 3*y = -1. Suppose 0 = -3*p + 2*g - w + 170, 4*g = 2*p - 98. List the prime factors of p.
5, 11
Let h(z) = -11*z + 7. Suppose 0 = 2*g + 7*g. Suppose -m + 5 = -4*j, g*j + 8 = -j - 2*m. List the prime factors of h(j).
29
Let n(d) = -d**2 + d + 4. Let k be n(0). Let r be (k/(-3))/(0 + (-8)/12). Suppose 0*i - 60 = -r*z - 3*i, 2*i + 150 = 5*z. List the prime factors of z.
2, 3, 5
Let s = -2545 - -14395. List the prime factors of s.
2, 3, 5, 79
Let m(j) be the third derivative of 23*j**5/60 + j**4/3 - 7*j**3/3 - 2*j**2 + 1. Let c = -4 - -7. List the prime factors of m(c).
7, 31
Let i(k) = k - 20. Let o be i(18). Let g be (3/o)/(39/(-338)). Suppose g*w - 1564 - 620 = 0. What are the prime factors of w?
2, 3, 7
Let q be (-1 - (-411)/6)*2. Suppose 2*n - c - q = 251, 0 = -5*n + 2*c + 964. What are the prime factors of n?
2, 3
Suppose -128 - 1222 = 15*v. What are the prime factors of (-9664)/(-30) - (-12)/v?
2, 7, 23
Let c be (-4)/((-2)/2) + 53. Suppose -c = -g + 23. Suppose -5*k - g = -370. What are the prime factors of k?
2, 29
Let h(k) = -1437*k - 5663. What are the prime factors of h(-25)?
2, 15131
Let j(w) = -61*w**2 - 13*w + 14. Let u(d) = 183*d**2 + 38*d - 40. Let f(q) = 11*j(q) + 4*u(q). List the prime factors of f(2).
2
Let j(o) = 98*o - 7. Let l(p) = 98*p - 9. Let h(r) = 3*j(r) - 2*l(r). List the prime factors of h(4).
389
Let z(u) = -34598*u**3 - 7*u**2 - u + 7. Let l be z(-2). List the prime factors of l/285 - (-6)/(-57).
971
Suppose 36355 = 37*k + 35*k - 421421. List the prime factors of k.
2, 11, 17
Suppose 855 = 5*b - 0*b. Suppose c + f - 64 = b, 0 = -4*c - f + 925. What are the prime factors of c?
2, 5, 23
List the prime factors of 4 + (4 - -48163) + 4 + 2.
3, 53, 101
Suppose -389 = d - 1003. Let s = d - 363. Suppose -11*p = s - 691. What are the prime factors of p?
2, 5
Suppose 4*n - 47301 = -104*l + 99*l, -11841 = -n + l. What are the prime factors of n?
2, 61, 97
What are the prime factors of 227790/(-27)*195/(-25)?
2, 13, 2531
Let g = -383 + 388. Suppose 0 = g*q - 858 + 173. What are the prime factors of q?
137
Suppose -39*q = -43*q + 128. Suppose -21*u - 5335 = -q*u. List the prime factors of u.
5, 97
Let p(h) = -45*h**2 + 960*h - 3. List the prime factors of p(12).
3, 23, 73
Suppose 0 = 3*t + 4*r - 12, -t = -5*t - 3*r + 9. Suppose -3*i - 2*v + 2158 = t, 2*i = -4*v + 2*v + 1438. What are the prime factors of i?
2, 3, 5
Let g = 248 - 244. Suppose 6 = 3*w, -2*f + 43 = g*w - 1103. List the prime factors of f.
569
Suppose -3*r - 1155 = -3*j, 415 = j + 8*r - 3*r. Suppose -110*l + 116*l - j = 0. What are the prime factors of l?
5, 13
Let q(p) = 24*p + 26. Suppose -34 - 74 = -4*o. What are the prime factors of q(o)?
2, 337
Suppose -8 = -4*v + 4*m, -5*m + 4 = v - 10. Suppose v*z = -z + 40. Let o(p) = p**3 - 6*p**2 - 9*p - 11. List the prime factors of o(z).
3, 5
Suppose -3*k = -3*m - 207, 0 = -5*k - 5*m + 158 + 217. Let o be (-3)/k*-3 - (-87)/8. Suppose -2*j + o*j - 972 = 0. What are the prime factors of j?
2, 3
Let p(h) be the second derivative of -5*h**3 - 5*h**2 - 16*h + 4. What are the prime factors of p(-15)?
2, 5, 11
Let s be (-28323)/(-6)*((-4)/3)/(-2). Let b = s + -2219. What are the prime factors of b?
2, 29
Suppose o - 2 = 0, 4*i - 4*o = -o + 13618. List the prime factors of i.
2, 13, 131
Suppose 51*y - 177131 = -50*y + 2683391. List the prime factors of y.
2, 7, 17
Let d be 1/((-6)/144*-6). Let b(l) = l**2 - 5*l + 6. Let u be b(d). What are the prime factors of (9 - 7)/(0 - u/(-257))?
257
Suppose -i + 2*i = -3*f + 1, 0 = i - 4. Let p be f/((-1)/(-176)) + -2. List the prime factors of p/(-4)*(-10)/(-5).
89
Let n = 4433 - -20200. What are the prime factors of n?
3, 7, 17, 23
Suppose -202*n + 8700 = -197*n. Let v = -1149 + n. List the prime factors of v.
3, 197
Let f(w) = 2*w**3 + 3*w**2 - 7*w - 13. Let k be f(-